 y is divided by 26.
24
Let w(x) = x**2 + 6*x - 2. Let a be w(4). Suppose -2*u - a + 92 = 0. Calculate the remainder when 53 is divided by u.
26
Suppose 2*i = -t - i + 63, 0 = 5*t - 4*i - 315. Calculate the remainder when t is divided by 22.
19
Let p(t) = t**3 + 5*t**2 - 6*t - 1. Let u = -8 + 2. Let r be p(u). What is the remainder when 16 is divided by 7 - 2/(3 + r)?
4
Suppose 1 = 5*i - 309. Let p = 35 + -14. What is the remainder when i is divided by p?
20
Let i be (-142)/(-12) - (-1)/6. Suppose -5*f = 15, -5*q = 4*f - 11 - i. What is the remainder when 13 is divided by q?
6
Suppose t + 12 = -3*p + 2, -5*t = -5*p + 10. What is the remainder when 5 is divided by (0/t)/(-1) + 4?
1
Let s be ((-36)/14)/((-2)/14). Suppose -s - 13 = -x. Calculate the remainder when x is divided by 11.
9
Let q(j) = j + 5. Let h be q(0). Let r(f) = -f + 4. Let z(u) = 6*u - 25. Let c(t) = -39*r(t) - 6*z(t). What is the remainder when 17 is divided by c(h)?
8
Suppose 1 = 3*r - 44. Let u = r - 23. What is the remainder when 10 is divided by 1/(-2)*(u - 0)?
2
Let x = -15 - -26. Calculate the remainder when 2 - (-2)/((-4)/(-34)) is divided by x.
8
Suppose c - 129 = -5*i, 3*c + 29 = -2*i + 3*i. What is the remainder when 25 is divided by 27/18*i/3?
12
Suppose 2*i + 2*h - 258 = h, i - h - 129 = 0. What is the remainder when i is divided by 26?
25
Let l(t) = -t**2 - 3*t - 2. Let m be l(-2). Suppose m*r + 475 = 5*r. Suppose 0 = 5*p - 10*p + r. What is the remainder when p is divided by 10?
9
Let o(r) = 4*r + 3. What is the remainder when 37 is divided by o(4)?
18
Let q = 105 - 24. Calculate the remainder when q is divided by 21.
18
Suppose -3*q = q. Suppose -x = -2*u - u - 7, -3*x - 5*u + 63 = q. Suppose -3*z = y - 7, 4*y - 2*z = -x + 86. What is the remainder when 30 is divided by y?
14
Suppose -5*s + 44 - 9 = 0. What is the remainder when ((-3)/9)/((-2)/66) is divided by s?
4
Let q = -5 - -11. What is the remainder when 19 is divided by (-11)/2*q/(-3)?
8
What is the remainder when (-385)/(-121) - (-4)/(-22) is divided by -6*(-3)/(9/1)?
1
Let v(u) = -u**2 - 8*u + 1. Let z be (0 + 3)/3*-6. What is the remainder when 24 is divided by v(z)?
11
Let h(p) = 31*p. Let d be ((-3)/4)/((-2)/(-8)). Calculate the remainder when h(1) is divided by (1 - d)/(3/6).
7
Suppose 5 = 2*k - 17. Suppose 2*p + p - 93 = 0. What is the remainder when p is divided by k?
9
Let i = -156 - -218. What is the remainder when i is divided by 21?
20
Let b = 20 + 20. Calculate the remainder when b is divided by 23.
17
Suppose 5*j + 3*i - 39 = 0, 10*i - 5*i = 15. What is the remainder when 9 is divided by j?
3
Suppose -5*y + 7 = -2*d - 2*d, 5*y - 4 = 3*d. Calculate the remainder when (y/2)/((-4)/40) is divided by (-3)/6 - (-5)/2.
1
Let j(w) = w**3 + 5*w**2 + 5*w + 2. Let l be j(-4). Let r = -4 - l. Calculate the remainder when 5 is divided by r - -1 - -4 - 0.
2
Let b = 139 + -122. Calculate the remainder when 82 is divided by b.
14
Let x(q) be the second derivative of -5*q**3/3 - 5*q**2/2 + 4*q. Let h be x(-8). Suppose 0*b = -5*b + h. Calculate the remainder when 28 is divided by b.
13
Let w(x) = -9*x + 1. Let d(j) = 19*j - 2. Let m(h) = -6*d(h) - 13*w(h). Calculate the remainder when 3 is divided by m(1).
1
Let o(h) = h - 1. Let m(g) = 6*g + 5. Let c(u) = m(u) - 5*o(u). Suppose 2*t - 12 = -2. What is the remainder when t is divided by c(-8)?
1
Let c be (-2)/(-5) - 424/(-40). What is the remainder when 7 is divided by c + 12/(-4) - 3?
2
Let w be (-12)/8*426/9. Let r = w - -138. What is the remainder when r is divided by 23?
21
Suppose -7 = 4*k + v, -3*k + 4*v - 10 - 19 = 0. Calculate the remainder when 6 is divided by k/2 + (-9)/(-2).
0
Let i(m) = m**2 - 7*m + 6. Let k(h) = 7*h - 3. Calculate the remainder when k(7) is divided by i(9).
22
Suppose -i - 3*i = -3*t + 19, 0 = 5*t + 4*i - 21. Let d = t - -6. What is the remainder when 32 is divided by d?
10
Suppose 0 = -8*a + 4*a + 80. What is the remainder when 75 is divided by a?
15
Suppose 3*x - 306 = 651. What is the remainder when x is divided by 32?
31
Let h(p) = -p + 3. Let j = -8 + 12. Let m be h(j). Let l = m + 39. Calculate the remainder when l is divided by 13.
12
Let c = 18 + -3. What is the remainder when (-1)/((-2)/((-22)/(-1))) is divided by 36/10 - (-6)/c?
3
Suppose l - 29 = 4*k, -l + 5*l - 48 = -k. Calculate the remainder when 218 is divided by l.
10
Let g = 8 - -21. Calculate the remainder when g is divided by -16*(-2 + 1)/1.
13
Let k be (-10)/((-3)/((-9)/(-6))). What is the remainder when 28 is divided by (6/k)/((-8)/(-100))?
13
Suppose -46 = -5*t + 14. Let d = t - 11. Suppose -4*k + k - 14 = -5*i, 5*k = -2*i - 13. What is the remainder when i is divided by d?
0
Let c(y) = y**3 - 4*y**2 - 4*y + 10. What is the remainder when 58 is divided by c(5)?
13
Let y = -16 + 25. Let v(x) = 4*x**2 - 1. Let d be v(1). Suppose p - y = -d. Calculate the remainder when 16 is divided by p.
4
Let i = -4 + 52. Let x be 1/(-3) + 0 + 4/12. Suppose 0 = -x*j - 2*j + i. What is the remainder when j is divided by 13?
11
Suppose -t + 0*t = -16. Suppose 2*g - t - 8 = -4*m, 60 = 5*m - 5*g. Let j(k) = k**3 + 2*k**2 - 3*k + 3. What is the remainder when m is divided by j(-3)?
2
Suppose 66 + 74 = 4*n. What is the remainder when n is divided by 19?
16
Let d(i) = 2*i**2 - 6*i - 5. Let f be d(5). Suppose 0 = 4*q - f + 3. Let y = 7 + -3. What is the remainder when y is divided by q?
1
Suppose 243 = 10*d - 7*d. Calculate the remainder when d is divided by 21.
18
Suppose -3*t + 6 = 0, 3*s - 4*t + 57 = 172. What is the remainder when 243 is divided by s?
38
Let s(x) = x**2 + x + 2. Let r be s(0). Suppose r*v = 4*o + 152, 0 = 4*o + o - 5. What is the remainder when v is divided by 20?
18
Let y(n) = 3*n**2 - 8*n + 6. Calculate the remainder when y(5) is divided by 14.
13
Suppose -3*k + 2*h - 3 = h, -k - 1 = 5*h. Let b(x) = 2*x - 3. What is the remainder when k + 1 + 50*1 is divided by b(10)?
16
Let a(r) = -r**2 + 7*r - 5. Let m be a(6). Suppose -5 = -b + m. Suppose b + 2 = 4*j. Calculate the remainder when 2 is divided by j.
0
Suppose -10 = -4*s + 2. Suppose -s*n - 140 = -14. Let h = -6 - n. What is the remainder when h is divided by 19?
17
Let d(i) = i**2 + 19*i - 28. Calculate the remainder when 39 is divided by d(-21).
11
Suppose 3*c = 3*i, -4*i + i = -9. Let n(o) = c + 0*o - 4*o - 3. Calculate the remainder when n(-2) is divided by 5.
3
Suppose b - 1 = 4*r, b - 2*r - 2 - 1 = 0. What is the remainder when 16 is divided by b?
1
Let j(y) = -15*y - 5. Let b be j(-4). Suppose -b = -3*t + 2*v, 5*t = 3*t + 4*v + 50. Calculate the remainder when 56 is divided by t.
11
Let x(o) = o**3 - o**2 - 3. What is the remainder when 74 is divided by x(3)?
14
Calculate the remainder when 54 is divided by 25/2*-4*1/(-5).
4
Let l(d) = d**3 - 5*d**2 + 3*d + 2. Let z be l(4). Let f = 2 - z. What is the remainder when f is divided by -1 - 0 - (17 - 20)?
0
Suppose 0*q + 30 = 5*q. Let c(n) = 2*n**2 - 6*n - 4. What is the remainder when c(q) is divided by 17?
15
Let r = 6 - 3. Suppose 2*p - 148 = -r*l, 2*p - 53 = 3*l - 217. Calculate the remainder when l is divided by 27.
25
What is the remainder when 9 is divided by 4/((-4)/1)*-3?
0
Suppose 4*o - 8 = v, 9*v - 4*v + 20 = 0. Calculate the remainder when 4 is divided by o.
0
Let d = -7 + 11. Suppose -37 + 159 = 3*x + d*t, x = -3*t + 44. Calculate the remainder when x is divided by 14.
10
Let q = -108 + 249. Suppose -3*f - 4*u - 6 = -147, u = 3*f - q. Calculate the remainder when f is divided by 10.
7
What is the remainder when 87 is divided by (240/(-8))/(2/(-2))?
27
Suppose -2*l + 21 = 5*f, 4*l - 12 = -2*f + 6. Suppose -f*u = -150 - 120. Calculate the remainder when u is divided by 31.
28
Suppose -2*o = -q + 3, q + 38 = -5*o + 13. Let t = 22 + q. Calculate the remainder when 66 is divided by t.
15
Let n(t) = t**3 + t + 168. Let z be n(0). Suppose 0 = 5*m - m - z. Calculate the remainder when m is divided by 11.
9
Suppose 4*q - 3*s - 254 = -0*s, -2*s - 66 = -q. Calculate the remainder when q is divided by 22.
18
Suppose -3*d = -0*d - 30. Calculate the remainder when 572/20 - ((-8)/(-20))/(-1) is divided by d.
9
Suppose -273 = s - 8*s. Calculate the remainder when 114 is divided by s.
36
Let q(o) = o + 29. Calculate the remainder when 82 is divided by q(-15